{"id":282,"date":"2023-06-16T07:34:59","date_gmt":"2023-06-16T05:34:59","guid":{"rendered":"https:\/\/case-marmailles.re\/?page_id=282"},"modified":"2023-08-11T14:59:48","modified_gmt":"2023-08-11T12:59:48","slug":"nos-pedagogie-fuerstein","status":"publish","type":"page","link":"https:\/\/case-marmailles.re\/index.php\/nos-pedagogie-fuerstein\/","title":{"rendered":"M\u00e9thode Feuerstein"},"content":{"rendered":"\t\t<div data-elementor-type=\"wp-page\" data-elementor-id=\"282\" class=\"elementor elementor-282\" data-elementor-post-type=\"page\">\n\t\t\t\t<div class=\"elementor-element elementor-element-5dd2797 e-flex e-con-boxed e-con e-parent\" data-id=\"5dd2797\" data-element_type=\"container\" data-settings=\"{&quot;jet_parallax_layout_list&quot;:[],&quot;background_background&quot;:&quot;classic&quot;}\">\n\t\t\t\t\t<div class=\"e-con-inner\">\n\t\t<div class=\"elementor-element elementor-element-6e7ec96 e-con-full e-flex e-con e-parent\" data-id=\"6e7ec96\" data-element_type=\"container\" data-settings=\"{&quot;jet_parallax_layout_list&quot;:[]}\">\n\t\t\t\t<\/div>\n\t\t\t\t\t<\/div>\n\t\t\t\t<\/div>\n\t\t<div class=\"elementor-element elementor-element-cb39aea e-flex e-con-boxed e-con e-parent\" data-id=\"cb39aea\" data-element_type=\"container\" data-settings=\"{&quot;jet_parallax_layout_list&quot;:[],&quot;background_background&quot;:&quot;classic&quot;}\">\n\t\t\t\t\t<div class=\"e-con-inner\">\n\t\t<div class=\"elementor-element elementor-element-f43e2e6 e-con-full e-flex e-con e-parent\" data-id=\"f43e2e6\" data-element_type=\"container\" data-settings=\"{&quot;jet_parallax_layout_list&quot;:[]}\">\n\t\t\t\t<div class=\"elementor-element elementor-element-cde8c9e elementor-widget elementor-widget-heading\" data-id=\"cde8c9e\" data-element_type=\"widget\" data-widget_type=\"heading.default\">\n\t\t\t\t<div class=\"elementor-widget-container\">\n\t\t\t\t\t<h2 class=\"elementor-heading-title elementor-size-default\">M\u00e9thode Feuerstein<\/h2>\t\t\t\t<\/div>\n\t\t\t\t<\/div>\n\t\t\t\t<div class=\"elementor-element elementor-element-e094263 elementor-widget elementor-widget-text-editor\" data-id=\"e094263\" data-element_type=\"widget\" data-widget_type=\"text-editor.default\">\n\t\t\t\t<div class=\"elementor-widget-container\">\n\t\t\t\t\t\t\t\t\t<p>La m\u00e9thode Feuerstein est une approche \u00e9ducative qui vise \u00e0 am\u00e9liorer les capacit\u00e9s cognitives des enfants en d\u00e9veloppant leur pens\u00e9e critique, leur cr\u00e9ativit\u00e9 et leur r\u00e9solution de probl\u00e8mes.<\/p>\t\t\t\t\t\t\t\t<\/div>\n\t\t\t\t<\/div>\n\t\t<div class=\"elementor-element elementor-element-9b5ad99 e-flex e-con-boxed e-con e-parent\" data-id=\"9b5ad99\" data-element_type=\"container\" data-settings=\"{&quot;jet_parallax_layout_list&quot;:[]}\">\n\t\t\t\t\t<div class=\"e-con-inner\">\n\t\t<div class=\"elementor-element elementor-element-4f40aec e-con-full e-flex e-con e-parent\" data-id=\"4f40aec\" data-element_type=\"container\" data-settings=\"{&quot;jet_parallax_layout_list&quot;:[]}\">\n\t\t\t\t<div class=\"elementor-element elementor-element-3f20edd elementor-widget elementor-widget-image\" data-id=\"3f20edd\" data-element_type=\"widget\" data-widget_type=\"image.default\">\n\t\t\t\t<div class=\"elementor-widget-container\">\n\t\t\t\t\t\t\t\t\t\t\t\t\t\t\t<img fetchpriority=\"high\" decoding=\"async\" width=\"634\" height=\"400\" src=\"https:\/\/case-marmailles.re\/wp-content\/uploads\/2023\/06\/Group-2267.png\" class=\"attachment-full size-full wp-image-292\" alt=\"\" srcset=\"https:\/\/case-marmailles.re\/wp-content\/uploads\/2023\/06\/Group-2267.png 634w, https:\/\/case-marmailles.re\/wp-content\/uploads\/2023\/06\/Group-2267-300x189.png 300w\" sizes=\"(max-width: 634px) 100vw, 634px\" \/>\t\t\t\t\t\t\t\t\t\t\t\t\t\t\t<\/div>\n\t\t\t\t<\/div>\n\t\t\t\t<\/div>\n\t\t<div class=\"elementor-element elementor-element-7330160 e-con-full e-flex e-con e-parent\" data-id=\"7330160\" data-element_type=\"container\" data-settings=\"{&quot;jet_parallax_layout_list&quot;:[]}\">\n\t\t\t\t<div class=\"elementor-element elementor-element-68d7150 elementor-widget elementor-widget-text-editor\" data-id=\"68d7150\" data-element_type=\"widget\" data-widget_type=\"text-editor.default\">\n\t\t\t\t<div class=\"elementor-widget-container\">\n\t\t\t\t\t\t\t\t\t<p>Cette m\u00e9thode repose sur l&rsquo;id\u00e9e que l&rsquo;intelligence n&rsquo;est pas fix\u00e9e \u00e0 la naissance mais qu&rsquo;elle peut \u00eatre d\u00e9velopp\u00e9e tout au long de la vie.<\/p><p>Elle propose donc des exercices pour stimuler les fonctions cognitives de l&rsquo;enfant, en travaillant sur sa m\u00e9moire, son attention, sa compr\u00e9hension et son raisonnement.<\/p><p>Les cr\u00e8ches de Case Marmailles ont int\u00e9gr\u00e9 la m\u00e9thode Feuerstein dans leur approche \u00e9ducative pour accompagner le d\u00e9veloppement de notre jeune public.<\/p>\t\t\t\t\t\t\t\t<\/div>\n\t\t\t\t<\/div>\n\t\t\t\t<div class=\"elementor-element elementor-element-78888b5 elementor-widget elementor-widget-image\" data-id=\"78888b5\" data-element_type=\"widget\" data-widget_type=\"image.default\">\n\t\t\t\t<div class=\"elementor-widget-container\">\n\t\t\t\t\t\t\t\t\t\t\t\t\t\t\t\t<a href=\"https:\/\/ytxdh8pymnt.typeform.com\/to\/UkevBvB3\">\n\t\t\t\t\t\t\t<img decoding=\"async\" width=\"236\" height=\"52\" src=\"https:\/\/case-marmailles.re\/wp-content\/uploads\/2023\/06\/Group-2260.png\" class=\"attachment-large size-large wp-image-154\" alt=\"\" \/>\t\t\t\t\t\t\t\t<\/a>\n\t\t\t\t\t\t\t\t\t\t\t\t\t\t\t<\/div>\n\t\t\t\t<\/div>\n\t\t\t\t<\/div>\n\t\t\t\t\t<\/div>\n\t\t\t\t<\/div>\n\t\t<div class=\"elementor-element elementor-element-fab850b e-flex e-con-boxed e-con e-parent\" data-id=\"fab850b\" data-element_type=\"container\" data-settings=\"{&quot;jet_parallax_layout_list&quot;:[]}\">\n\t\t\t\t\t<div class=\"e-con-inner\">\n\t\t<div class=\"elementor-element elementor-element-54b0328 e-con-full e-flex e-con e-parent\" data-id=\"54b0328\" data-element_type=\"container\" data-settings=\"{&quot;jet_parallax_layout_list&quot;:[]}\">\n\t\t\t\t<div class=\"elementor-element elementor-element-be0bc35 elementor-widget-laptop__width-auto elementor-widget elementor-widget-image\" data-id=\"be0bc35\" data-element_type=\"widget\" data-widget_type=\"image.default\">\n\t\t\t\t<div class=\"elementor-widget-container\">\n\t\t\t\t\t\t\t\t\t\t\t\t\t\t\t<img decoding=\"async\" width=\"687\" height=\"711\" src=\"https:\/\/case-marmailles.re\/wp-content\/uploads\/2023\/06\/AdobeStock_114776060-1.png\" class=\"attachment-full size-full wp-image-293\" alt=\"\" srcset=\"https:\/\/case-marmailles.re\/wp-content\/uploads\/2023\/06\/AdobeStock_114776060-1.png 687w, https:\/\/case-marmailles.re\/wp-content\/uploads\/2023\/06\/AdobeStock_114776060-1-290x300.png 290w\" sizes=\"(max-width: 687px) 100vw, 687px\" \/>\t\t\t\t\t\t\t\t\t\t\t\t\t\t\t<\/div>\n\t\t\t\t<\/div>\n\t\t\t\t<\/div>\n\t\t<div class=\"elementor-element elementor-element-c01817e e-con-full e-flex e-con e-parent\" data-id=\"c01817e\" data-element_type=\"container\" data-settings=\"{&quot;jet_parallax_layout_list&quot;:[]}\">\n\t\t\t\t<div class=\"elementor-element elementor-element-1839f35 elementor-widget elementor-widget-heading\" data-id=\"1839f35\" data-element_type=\"widget\" data-widget_type=\"heading.default\">\n\t\t\t\t<div class=\"elementor-widget-container\">\n\t\t\t\t\t<h2 class=\"elementor-heading-title elementor-size-default\">La  m\u00e9thode Feuerstein<\/h2>\t\t\t\t<\/div>\n\t\t\t\t<\/div>\n\t\t\t\t<div class=\"elementor-element elementor-element-e734593 elementor-widget elementor-widget-text-editor\" data-id=\"e734593\" data-element_type=\"widget\" data-widget_type=\"text-editor.default\">\n\t\t\t\t<div class=\"elementor-widget-container\">\n\t\t\t\t\t\t\t\t\t<p><span style=\"white-space-collapse: preserve;\">La m\u00e9thode Feuerstein est une m\u00e9thode unique de prise en charge du handicap, d\u2019optimisation des comp\u00e9tences et de pr\u00e9vention des potentiels retards d\u2019apprentissage. La m\u00e9thode vient agir sur la plasticit\u00e9 c\u00e9r\u00e9brale en partant du postulat que \u00ab <strong>tout individu a le droit d\u2019apprendre, au-del\u00e0 de son \u00e2ge et de ses difficult\u00e9s<\/strong> \u00bb.<\/span><\/p><p><strong>La m\u00e9thode s\u2019articule autour de deux temps forts :<\/strong><\/p><ul><li><span style=\"white-space-collapse: preserve;\">L\u2019\u00e9valuation dynamique du potentiel d\u2019apprentissage<\/span><\/li><li><span style=\"white-space-collapse: preserve;\"><span style=\"white-space-collapse: preserve;\">Le programme d\u2019enrichissement instrumental <\/span><\/span><\/li><\/ul><p><br \/>La m\u00e9diation est une composante centrale de cette m\u00e9thode. En effet, les exercices du programme sont men\u00e9s gr\u00e2ce \u00e0 une interaction avec un m\u00e9diateur, c\u2019est-\u00e0-dire, une personne capable d\u2019accompagner le raisonnement.<\/p>\t\t\t\t\t\t\t\t<\/div>\n\t\t\t\t<\/div>\n\t\t\t\t<div class=\"elementor-element elementor-element-92942b6 elementor-widget elementor-widget-image\" data-id=\"92942b6\" data-element_type=\"widget\" data-widget_type=\"image.default\">\n\t\t\t\t<div class=\"elementor-widget-container\">\n\t\t\t\t\t\t\t\t\t\t\t\t\t\t\t\t<a href=\"https:\/\/ytxdh8pymnt.typeform.com\/to\/UkevBvB3\">\n\t\t\t\t\t\t\t<img decoding=\"async\" width=\"236\" height=\"52\" src=\"https:\/\/case-marmailles.re\/wp-content\/uploads\/2023\/06\/Group-2260.png\" class=\"attachment-large size-large wp-image-154\" alt=\"\" \/>\t\t\t\t\t\t\t\t<\/a>\n\t\t\t\t\t\t\t\t\t\t\t\t\t\t\t<\/div>\n\t\t\t\t<\/div>\n\t\t\t\t<\/div>\n\t\t\t\t\t<\/div>\n\t\t\t\t<\/div>\n\t\t\t\t<\/div>\n\t\t\t\t\t<\/div>\n\t\t\t\t<\/div>\n\t\t<div class=\"elementor-element elementor-element-a30e1c1 e-flex e-con-boxed e-con e-parent\" data-id=\"a30e1c1\" data-element_type=\"container\" data-settings=\"{&quot;jet_parallax_layout_list&quot;:[]}\">\n\t\t\t\t\t<div class=\"e-con-inner\">\n\t\t<div class=\"elementor-element elementor-element-75ee0d9 e-con-full e-flex e-con e-parent\" data-id=\"75ee0d9\" data-element_type=\"container\" data-settings=\"{&quot;jet_parallax_layout_list&quot;:[]}\">\n\t\t\t\t<div class=\"elementor-element elementor-element-d808a58 elementor-widget elementor-widget-heading\" data-id=\"d808a58\" data-element_type=\"widget\" data-widget_type=\"heading.default\">\n\t\t\t\t<div class=\"elementor-widget-container\">\n\t\t\t\t\t<h2 class=\"elementor-heading-title elementor-size-default\">Dans les ann\u00e9es 1950<\/h2>\t\t\t\t<\/div>\n\t\t\t\t<\/div>\n\t\t\t\t<div class=\"elementor-element elementor-element-e02854f elementor-widget elementor-widget-text-editor\" data-id=\"e02854f\" data-element_type=\"widget\" data-widget_type=\"text-editor.default\">\n\t\t\t\t<div class=\"elementor-widget-container\">\n\t\t\t\t\t\t\t\t\t<p>La m\u00e9thode Feuerstein a \u00e9t\u00e9 d\u00e9velopp\u00e9e par le psychologue isra\u00e9lien Reuven Feuerstein dans les ann\u00e9es 1950.<\/p><p>\u00c0 l&rsquo;\u00e9poque, Feuerstein travaillait avec des enfants survivants de l&rsquo;Holocauste qui avaient subi de graves traumatismes et avaient des difficult\u00e9s d&rsquo;apprentissage.<\/p><p>Il a mis au point une approche \u00e9ducative qui visait \u00e0 aider ces enfants \u00e0 surmonter leurs d\u00e9fis et \u00e0 se d\u00e9velopper pleinement sur le plan cognitif et \u00e9motionnel.<\/p><p>Elle a \u00e9t\u00e9 utilis\u00e9e pour aider des enfants souffrant de troubles de l&rsquo;apprentissage, d&rsquo;autisme et d&rsquo;autres difficult\u00e9s.<\/p><p>La m\u00e9thode a \u00e9galement \u00e9t\u00e9 utilis\u00e9e pour aider les enfants d\u00e9favoris\u00e9s et les enfants r\u00e9fugi\u00e9s \u00e0 se d\u00e9velopper et \u00e0 s&rsquo;adapter \u00e0 leur environnement.<\/p>\t\t\t\t\t\t\t\t<\/div>\n\t\t\t\t<\/div>\n\t\t\t\t<\/div>\n\t\t<div class=\"elementor-element elementor-element-a5477ab e-con-full e-flex e-con e-parent\" data-id=\"a5477ab\" data-element_type=\"container\" data-settings=\"{&quot;jet_parallax_layout_list&quot;:[]}\">\n\t\t\t\t<div class=\"elementor-element elementor-element-837c512 elementor-widget elementor-widget-image\" data-id=\"837c512\" data-element_type=\"widget\" data-widget_type=\"image.default\">\n\t\t\t\t<div class=\"elementor-widget-container\">\n\t\t\t\t\t\t\t\t\t\t\t\t\t\t\t<img loading=\"lazy\" decoding=\"async\" width=\"671\" height=\"640\" src=\"https:\/\/case-marmailles.re\/wp-content\/uploads\/2023\/06\/Creche-Feuerstein-handicap-1.png\" class=\"attachment-full size-full wp-image-295\" alt=\"\" srcset=\"https:\/\/case-marmailles.re\/wp-content\/uploads\/2023\/06\/Creche-Feuerstein-handicap-1.png 671w, https:\/\/case-marmailles.re\/wp-content\/uploads\/2023\/06\/Creche-Feuerstein-handicap-1-300x286.png 300w\" sizes=\"(max-width: 671px) 100vw, 671px\" \/>\t\t\t\t\t\t\t\t\t\t\t\t\t\t\t<\/div>\n\t\t\t\t<\/div>\n\t\t\t\t<\/div>\n\t\t\t\t\t<\/div>\n\t\t\t\t<\/div>\n\t\t<div class=\"elementor-element elementor-element-246fde3 e-flex e-con-boxed e-con e-parent\" data-id=\"246fde3\" data-element_type=\"container\" data-settings=\"{&quot;jet_parallax_layout_list&quot;:[]}\">\n\t\t\t\t\t<div class=\"e-con-inner\">\n\t\t\t\t<div class=\"elementor-element elementor-element-b2b789b elementor-position-left elementor-vertical-align-middle elementor-widget elementor-widget-image-box\" data-id=\"b2b789b\" data-element_type=\"widget\" data-widget_type=\"image-box.default\">\n\t\t\t\t<div class=\"elementor-widget-container\">\n\t\t\t\t\t<div class=\"elementor-image-box-wrapper\"><figure class=\"elementor-image-box-img\"><img loading=\"lazy\" decoding=\"async\" width=\"158\" height=\"159\" src=\"https:\/\/case-marmailles.re\/wp-content\/uploads\/2023\/06\/Check-box.svg\" class=\"attachment-full size-full wp-image-299\" alt=\"\" \/><\/figure><div class=\"elementor-image-box-content\"><p class=\"elementor-image-box-description\"><b>La m\u00e9diation :<\/b> la m\u00e9thode Feuerstein met l'accent sur l'importance de la m\u00e9diation pour aider les enfants \u00e0 apprendre.<\/p><\/div><\/div>\t\t\t\t<\/div>\n\t\t\t\t<\/div>\n\t\t\t\t<div class=\"elementor-element elementor-element-6ac2856 elementor-position-left elementor-vertical-align-middle elementor-widget elementor-widget-image-box\" data-id=\"6ac2856\" data-element_type=\"widget\" data-widget_type=\"image-box.default\">\n\t\t\t\t<div class=\"elementor-widget-container\">\n\t\t\t\t\t<div class=\"elementor-image-box-wrapper\"><figure class=\"elementor-image-box-img\"><img loading=\"lazy\" decoding=\"async\" width=\"158\" height=\"159\" src=\"https:\/\/case-marmailles.re\/wp-content\/uploads\/2023\/06\/Check-box.svg\" class=\"attachment-full size-full wp-image-299\" alt=\"\" \/><\/figure><div class=\"elementor-image-box-content\"><p class=\"elementor-image-box-description\"><b>L'\u00e9valuation dynamique : <\/b>la m\u00e9thode Feuerstein utilise l'\u00e9valuation dynamique, qui consiste en une s\u00e9rie de tests cognitifs pour identifier les forces et les faiblesses de l'enfant.<\/p><\/div><\/div>\t\t\t\t<\/div>\n\t\t\t\t<\/div>\n\t\t\t\t<div class=\"elementor-element elementor-element-e266b69 elementor-position-left elementor-vertical-align-middle elementor-widget elementor-widget-image-box\" data-id=\"e266b69\" data-element_type=\"widget\" data-widget_type=\"image-box.default\">\n\t\t\t\t<div class=\"elementor-widget-container\">\n\t\t\t\t\t<div class=\"elementor-image-box-wrapper\"><figure class=\"elementor-image-box-img\"><img loading=\"lazy\" decoding=\"async\" width=\"158\" height=\"159\" src=\"https:\/\/case-marmailles.re\/wp-content\/uploads\/2023\/06\/Check-box.svg\" class=\"attachment-full size-full wp-image-299\" alt=\"\" \/><\/figure><div class=\"elementor-image-box-content\"><p class=\"elementor-image-box-description\"><b>La plasticit\u00e9 c\u00e9r\u00e9brale :<\/b> la m\u00e9thode Feuerstein repose sur l'id\u00e9e que le cerveau est plastique et peut-\u00eatre modifi\u00e9 tout au long de la vie.<\/p><\/div><\/div>\t\t\t\t<\/div>\n\t\t\t\t<\/div>\n\t\t\t\t\t<\/div>\n\t\t\t\t<\/div>\n\t\t\t\t<\/div>\n\t\t","protected":false},"excerpt":{"rendered":"<p>M\u00e9thode Feuerstein La m\u00e9thode Feuerstein est une approche \u00e9ducative qui vise \u00e0 am\u00e9liorer les capacit\u00e9s cognitives des enfants en d\u00e9veloppant leur pens\u00e9e critique, leur cr\u00e9ativit\u00e9 et leur r\u00e9solution de probl\u00e8mes. Cette m\u00e9thode repose sur l&rsquo;id\u00e9e que l&rsquo;intelligence n&rsquo;est pas fix\u00e9e \u00e0 la naissance mais qu&rsquo;elle peut \u00eatre d\u00e9velopp\u00e9e tout au long de la vie. Elle [&hellip;]<\/p>\n","protected":false},"author":2,"featured_media":0,"parent":0,"menu_order":0,"comment_status":"closed","ping_status":"closed","template":"elementor_header_footer","meta":{"_acf_changed":false,"om_disable_all_campaigns":false,"_monsterinsights_skip_tracking":false,"_monsterinsights_sitenote_active":false,"_monsterinsights_sitenote_note":"","_monsterinsights_sitenote_category":0,"footnotes":""},"class_list":["post-282","page","type-page","status-publish","hentry"],"acf":[],"aioseo_notices":[],"_links":{"self":[{"href":"https:\/\/case-marmailles.re\/index.php\/wp-json\/wp\/v2\/pages\/282","targetHints":{"allow":["GET"]}}],"collection":[{"href":"https:\/\/case-marmailles.re\/index.php\/wp-json\/wp\/v2\/pages"}],"about":[{"href":"https:\/\/case-marmailles.re\/index.php\/wp-json\/wp\/v2\/types\/page"}],"author":[{"embeddable":true,"href":"https:\/\/case-marmailles.re\/index.php\/wp-json\/wp\/v2\/users\/2"}],"replies":[{"embeddable":true,"href":"https:\/\/case-marmailles.re\/index.php\/wp-json\/wp\/v2\/comments?post=282"}],"version-history":[{"count":89,"href":"https:\/\/case-marmailles.re\/index.php\/wp-json\/wp\/v2\/pages\/282\/revisions"}],"predecessor-version":[{"id":2656,"href":"https:\/\/case-marmailles.re\/index.php\/wp-json\/wp\/v2\/pages\/282\/revisions\/2656"}],"wp:attachment":[{"href":"https:\/\/case-marmailles.re\/index.php\/wp-json\/wp\/v2\/media?parent=282"}],"curies":[{"name":"wp","href":"https:\/\/api.w.org\/{rel}","templated":true}]}}